 Determine z(i).
6
Let r(p) = -8*p + 11*p + 1 - p. What is r(-2)?
-3
Suppose 3*z - 9 = 3. Suppose z*h - 8 = 0, 3*h = 5*w - 0 + 1. Let x(q) = -q + q - q + w. What is x(0)?
1
Let m(v) = v**3 + 3*v**2 + 3*v. Let a be m(-2). Let t be (-15)/6 + (-3)/a. Let i be (2 - (2 + -2))*t. Let o(q) = -q + 2. Give o(i).
4
Let n(f) = 17*f + 4 - 2*f**2 - 8*f - 12*f. Let h(o) = o**2 - o**2 - 4*o - 3 - o**2. Let i be h(-4). What is n(i)?
-5
Suppose 3*p + 1 = -w, 3*w = -0*w + 5*p + 39. Suppose 5*g = 2*i - 5*i - 8, -4*g - 2*i = w. Let f(n) = n**3 + 4*n**2 - 2*n + 4. Determine f(g).
12
Let y(t) = -2*t**3 + t**2 - t - 1. Let o be y(-1). Let f(n) = -o*n**2 - n**3 - 1 + 5*n**2 + n + 0. Let m = 204 + -201. What is f(m)?
-7
Let a be (-1)/((10/(-6))/5). Let d(v) = -v + a + 10*v - 6*v + 0. Give d(-3).
-6
Let i = -11 - -12. Suppose 3*d = 7*d - 36. Let u(x) = 7*x - 1. Let v(j) = 27*j - 4. Let a(l) = d*u(l) - 2*v(l). What is a(i)?
8
Let d(w) = -w + 3 - 7 - 3 + 5. What is d(6)?
-8
Let l(w) = -w + 10. Let m be l(0). Suppose -m = 6*y - y. Let h(n) be the second derivative of n**3/2 - n. Determine h(y).
-6
Let b(t) = -2*t**2 + 3*t + 4. Let d(k) = -6*k**2 + 7*k + 9. Let c(w) = 5*b(w) - 2*d(w). What is c(-2)?
8
Let y(k) = k - 2*k**3 + 3*k**3 - 1 + 0*k**3 + k**3. Calculate y(1).
2
Let a be (-2)/(-6)*(-9 - -6). Let l be a/(-3)*(-18)/6. Let m(y) = 6*y. Calculate m(l).
-6
Let d(g) = g**3 + g**2. Let o(i) = 3*i**3 + 3*i**2 - 4. Let m = 0 - 1. Let z(b) = m*o(b) + 2*d(b). Suppose 3*l + 4 = -l - u, -3*l + 4*u + 16 = 0. What is z(l)?
4
Suppose -5*t = 4*o - 31, -t - 17 = 3*o - 8*o. Let v(z) = 0 + z - 1 + 2*z**2 - z**t + z + 2. Determine v(-2).
13
Let a(g) be the first derivative of 1/2*g**2 - g - 3. What is a(-4)?
-5
Let k(r) = r**3 + r**2 - 4*r - 1. Let b(t) = -t**3 - t**2 + 5*t + 1. Let y be (0 + 1)/((-4)/(-16)). Let i(m) = y*k(m) + 3*b(m). Calculate i(-1).
0
Let g = -1 + 4. Let i(k) = g - 3 + 2*k + 5. Suppose 4*d + 30 = 10. Calculate i(d).
-5
Let g(p) = p**2 + 3*p + 2. Let l(m) = -m**2 - 6*m - 1. Let t be l(-5). Let o be (-2)/4*(-6 - 4). Suppose 2*w + 0*n = -n - 7, t*w + o*n = -23. Determine g(w).
0
Let v(h) = h**3 + 5*h**2 - 9*h - 8. Suppose -3 = -6*i - 39. Give v(i).
10
Suppose -5*w + 1 - 11 = 4*i, -3*i = 2*w + 4. Let y(z) = 3*z. What is y(w)?
-6
Suppose 3*d + 5 = 5*m, -m + 4*d - 11 = 5. Let j(k) be the third derivative of -1/60*k**5 - 2*k**2 + 0*k + 2/3*k**3 + 0 + 1/24*k**4. Calculate j(m).
-8
Let u = 4 + 2. Suppose -2*y + 4*v - 4 = 0, y + 2*y - v = -u. Let g(r) = -3*r**2 - 2*r + 2. Calculate g(y).
-6
Let m(u) = -3*u + 11. Let n(p) = p - 4. Let t(i) = 3*m(i) + 8*n(i). Let o be t(-3). Suppose -8 = -3*q + o. Let s(c) = -c + 4. Calculate s(q).
0
Let j be 1 + -4 + 0 + -33. Let d be ((-1)/2)/((-3)/j). Let k(z) = z**2 + 6*z. Calculate k(d).
0
Let v(f) be the second derivative of -f**5/20 - f**4/2 - f**3/2 - 7*f**2/2 - 22*f. Give v(-5).
-17
Suppose 4*g = -0*g + 8. Let h(s) = -2*s**2 + 2*s. Calculate h(g).
-4
Let y(x) = x - 4. Let b(r) = r**3 - 7*r**2 - 7*r. Let i be b(8). Suppose -4 + i = h. Determine y(h).
0
Let y(d) = -2*d**2 - 5*d + 4. Suppose -4 + 0 = 4*f. Let j be (2/(-6) + f)*3. What is y(j)?
-8
Let n(k) = -k**2 + 8*k - 8. Suppose 7 = 5*z - 4*z. What is n(z)?
-1
Let r(g) = -2*g**3 + 4 + g**3 + 0*g**3 - g. Let a = -14 + 14. Give r(a).
4
Let x(k) = k**2 + 4*k - 4. Let c be (13 - 15) + 1 + 3. Let j(l) = -2*l**3 + 2*l**2 + 2*l. Let y be j(c). Give x(y).
-4
Let z(k) = 2 + k**2 + 4*k - k**2 - k**2. Determine z(5).
-3
Suppose 9 = -4*r + 1. Let s(p) be the third derivative of -p**2 + 0 + 1/12*p**4 + 0*p - 1/60*p**5 - 1/120*p**6 - 1/6*p**3. Determine s(r).
-1
Let b(y) = 0 - 1 - 2*y + y**2 + 4*y. Suppose -3*a = -3*r, 2*a - 2 = 2. Determine b(r).
7
Let k(d) = -d**2 - d - 1. Let c(o) = -4*o**2 + o - 4. Let z(f) = c(f) - 5*k(f). Calculate z(-6).
1
Let y(r) be the third derivative of r**6/120 + r**5/60 - r**4/8 - r**3/3 + 6*r**2. Let l be 3/(-1) + 1 + 0. Give y(l).
0
Let p(f) = -6*f**2 - 12*f - 6. Let k(v) = -5*v**2 - 11*v - 5. Let d(m) = -5*k(m) + 4*p(m). Let t(n) be the first derivative of d(n). Determine t(-5).
-3
Let n(x) = -x - 10. Suppose 0 = 3*c - 12, -6*l + l = -4*c + 46. What is n(l)?
-4
Let d(t) = 2*t + 1. Let w be d(2). Suppose -10 = -w*m - 0. Let u(a) = a - 1. Let v(s) = -s + 1. Let q(k) = 5*u(k) + 4*v(k). Give q(m).
1
Let h(a) = 3*a + 0*a + 3*a - 5*a. Suppose 4*n = 4*r + 3*n + 4, 0 = -n. Give h(r).
-1
Let k(s) = -25*s**3 + 50*s**3 + 1 - 27*s**3. What is k(-2)?
17
Let c(t) be the first derivative of -6 + 3/2*t**2 + 0*t + t**3. Calculate c(-2).
6
Let a(o) = 2 + 0*o + 6*o - 3. Let y(w) = -5*w - 41. Let k be y(-8). Give a(k).
-7
Let l(j) = j**2 - j. Let q(u) = u**2 + 2*u. Let w be (-15)/(-35) - 10/7. Let v(p) = w*q(p) - 2*l(p). What is v(-2)?
-12
Let r(h) = 0*h**3 + h**3 - 7*h + 3*h**2 - 1 + 10*h. Determine r(-3).
-10
Let s(u) = -u**2 - 6*u + 8. Suppose 71 = -4*d + q, 3*q - 5 + 1 = d. Let m = d - -13. What is s(m)?
8
Let o(y) = -y + 1. Let t be (-16)/64 - (45/(-4))/(-3). What is o(t)?
5
Let r(d) be the second derivative of -d**4/12 + d**3 - d**2 - 23*d. Determine r(6).
-2
Let b(p) be the first derivative of p**3/3 - p**2 + p - 1. What is b(-2)?
9
Let i(p) = 7*p**3 - 9*p**2 - p - 1. Let k(u) = -4*u**3 + 5*u**2. Let j(d) = -3*i(d) - 5*k(d). Let q be 3/12 - 22/(-8). Give j(q).
3
Let r be 54/12*2 + -3. Let i(k) = -k - 5 + 0*k + 2*k. What is i(r)?
1
Let x(h) = 5*h - 2*h - 2 - 2*h. Let s be x(5). Let n(g) = 6*g**2 + 2 + 4*g**2 - 5*g**2 - g**3 - 5*g. Calculate n(s).
5
Let c(v) = v**2 + 2*v - 3. Let q be -1 - 2/4*-6. Let t be c(q). Let u(j) = 4*j**2 - 3*j**2 + t*j - 3 + 0*j**2. Determine u(-6).
3
Let l(w) = -w - 4. Let p(t) = -3*t - 7. Let z(a) = -7*l(a) + 4*p(a). Suppose 0*d = 2*d + 2. Let f be z(d). Let x(r) = -r**2 + 3*r + 5. Calculate x(f).
-5
Let l be 9/(-6)*(-8)/(-6). Let c(d) = -2*d**3 - 3*d**2 - 2*d + 2. Calculate c(l).
10
Let m be ((-15)/6)/((-2)/4). Let p(s) = -s**3 + 6*s**2 - 4*s. Give p(m).
5
Suppose 58*q - 3 = 55*q. Let f(r) = -17*r. Give f(q).
-17
Let p(x) = -x + 1. Let c be p(0). Let i(u) = 3*u. What is i(c)?
3
Let g(m) = -m**3 - 4*m**2 - 5*m - 3. Let w = 0 + 40. Suppose 8*p = 3*p + w. Let l(d) = -d**3 + 7*d**2 + 7*d + 5. Let k be l(p). Give g(k).
3
Let h(c) be the third derivative of 0*c + 1/60*c**5 - c**2 - 1/6*c**3 + 0 - 1/24*c**4. Calculate h(0).
-1
Let s = 11 + -10. Let n(u) = -u**2 + 5*u**3 + 2 - 2*u**3 - 3 + 2*u. Give n(s).
3
Suppose 4*i = 5*i - 2. Suppose 0 = -i*z - 3 - 3. Let l(o) = o**2 + o - 4. Determine l(z).
2
Let u(y) = -y - 5. Suppose -2*d + 3*f = -d - 8, 4*d + 4 = 3*f. Determine u(d).
-1
Let p(z) = z**3 - 9*z**2 - z + 5. Let u be (-2)/11 - 1313/(-143). Calculate p(u).
-4
Let b(k) be the first derivative of -k**6/360 + k**5/15 - 7*k**4/24 - k**3/3 + 6. Let t(s) be the third derivative of b(s). Calculate t(6).
5
Let h be 4/(-26) + (320/52 - 1). Let f(v) = -v**3 + 6*v**2 - 4*v - 6. Calculate f(h).
-1
Let q(d) = d - 3. Let x be -13 - -12 - (1 - -1). Let j be q(x). Let u(r) = -r**2 - 5*r. Determine u(j).
-6
Let b(j) = -j**2 + 7*j - 7. Let o = 1 - -1. Let r be 1 - -6 - 1 - o. Suppose 5*g = -25, 0 = 2*n - 6*n - r*g. Give b(n).
3
Suppose 4*i + 7 = 5*x + 6*i, -3*x + 5*i = -29. Let j(f) = 3 - 2 - x + f - 5. What is j(5)?
-2
Let n(o) = -o**3 + 7*o**2 - 6*o - 5. Let i be 3/((-3)/3) + 9. Calculate n(i).
-5
Let h be (-2)/(-3) - (-14)/(-3). Let x = h + 4. Suppose x = -5*y + r - 6 - 6, 0 = -y + 4*r + 9. Let v(c) = -c**2 - 2*c + 2. Determine v(y).
-1
Suppose -k - 3*c = -5*k + 5, 0 = 4*c - 4. Let w(q) = q**3 - 2*q**2 + 1. What is w(k)?
1
Let v(s) be the third derivative of s**5/60 + s**4/24 - s**3/6 - 19*s**2. What is v(1)?
1
Let h(l) be the first derivative of l**3/3 + 5*l**2 + 16*l + 5. Let y be h(-8). Let n(k) = -k**3 + k**2 + k - 3. Determine n(y).
-3
Let l(b) = b**3 - b**2 + 2*b - 2. Suppose -6*s - 45 = -s. Let u(p) = -p**2 - 9*p + 2. Let m be u(s). Determine l(m).
6
Suppose 9*g - 4*g - 5 = 0, -1 = a - 3*g. Let d(l) be the third derivative of -l**5/15 + l**4/24 + l**3/6 + 4*l**2. Calculate d(a).
-13
Let s be -5*(-2 - 16/(-10)). Let k(q) = -1 + q**2 + 0*q - q**s + q**2 - q. Calculate k(-2).
5
Let z(i) = 6*i - 1. Suppose -10*w = -7 - 3. Determine z(w).
5
Let o = -147 - -148. Let f(t) = -21*t**3 - t + 1. Calculate f(o).
-21
Let s be 12/(-5)*(-5)/2. Let a(l) = l**2 - 5*l - 4. Calcu